d + 4*z + 84. Suppose -8 - d = -3*g. What is the remainder when 32 is divided by g?
10
Suppose 0 = 3*m + 4 - 28. Calculate the remainder when 31 is divided by m.
7
Suppose -2*l + 10 = 4. Suppose l*w - 2*g - 173 = 0, 2*w = -4*g - 14 + 140. What is the remainder when w is divided by 15?
14
Let b = 77 - 65. Let f = 19 + -13. Suppose -f*n + 3*n = -69. Calculate the remainder when n is divided by b.
11
Let k(r) = 2*r + 7. What is the remainder when 66 is divided by k(8)?
20
Suppose -3 = l - 41. Suppose 2*j + j - 51 = -4*r, 5*j - 3*r = 56. What is the remainder when l is divided by j?
12
Let s(c) = -3*c**3 + c**2 - c - 1. Let a be (1/2)/(1/(-4)). Let m be s(a). Suppose 4*p - m = 115. Calculate the remainder when p is divided by 19.
17
What is the remainder when (-94)/(-14) - 50/(-175) is divided by 7?
0
Suppose -5*x + 41 = -z + 1, -4*x - 5*z + 3 = 0. Calculate the remainder when x is divided by 3.
1
Suppose 3*u = -4*x - 3, 3*x + 0*u = u + 1. Suppose x = i - 4*s - 57, 3 + 5 = -4*s. Calculate the remainder when i is divided by 17.
15
What is the remainder when 22 is divided by -6 + (-582)/(-54) + (-4)/(-18)?
2
Calculate the remainder when 2*(-3 - (-43)/2) is divided by 20.
17
Let u(v) be the first derivative of 3*v + 1/2*v**2 + 2. What is the remainder when 4 is divided by u(0)?
1
Suppose -4*x = 4*u - 16, -32 = -5*u - x - x. What is the remainder when 8 is divided by u?
0
Suppose 31 = 5*v + 2*m, -v - 5*m = 2 + 1. Calculate the remainder when 19 is divided by v.
5
Let h(y) = -y**2 - 10*y - 8. Suppose 0 = -2*a - 4*l + 174, 2*a = -2*a + l + 384. Suppose -a = -3*t - 5. Calculate the remainder when t is divided by h(-6).
14
Suppose z + 30 = 2*z. What is the remainder when z is divided by 16?
14
Suppose 5*s - 3*b = 124, 0 = -2*s - 4*b + 6*b + 48. Let v = -24 - -38. What is the remainder when s is divided by v?
12
Let q = -3 - -4. Let b(z) = 12*z**2 + 3 + 0*z + 2*z - 4. What is the remainder when 24 is divided by b(q)?
11
Suppose 4*t - 38 = 3*y - y, -5*y = 2*t - 25. What is the remainder when 34 is divided by t?
4
Suppose 10 = 7*o - 2*o. Let k = 20 - 12. What is the remainder when (-6)/4 + 44/k is divided by o?
0
Let w = -33 + 74. Let k = w + 0. What is the remainder when k is divided by 14?
13
Let x(v) = -v**2 + 4*v + 4. Suppose -4*d = -2*y + 16, 8*y = 3*y - 2*d + 4. What is the remainder when x(4) is divided by (-16)/(-9) - y/(-9)?
0
Let r(m) = -2*m**3 - 5*m**2 - 3*m + 1. Suppose 15 = 21*l - 426. Calculate the remainder when r(-4) is divided by l.
19
Suppose -15 = -0*l + 3*l, 2*b = -3*l - 1. Suppose 135 = -4*k + b*k. What is the remainder when k is divided by 12?
9
Let h(w) = 0*w**2 - 7*w - 2*w**2 + w**2. Let o be h(-7). Suppose o = -q - 4*q + 35. Calculate the remainder when 20 is divided by q.
6
Suppose d + 2 = 4. Suppose d*f + 4 = -2*k, f - 12 = k + 4*f. What is the remainder when 7 is divided by k?
1
Suppose -n - 3 = -5. Let x be n/1 + (3 - 1). Suppose -f - 3 = -x*i, f - 5*f + 28 = 4*i. Calculate the remainder when 5 is divided by i.
1
Suppose r + 3*v = -v + 16, 3*r + 2*v = 58. Let l = -164 - -243. What is the remainder when l is divided by r?
19
Suppose 28 = -2*z + 6*z. Calculate the remainder when -3 - (-1 - -2 - z) is divided by 4/(-2) - -1 - -3.
1
Let d = 4 - -4. Calculate the remainder when 14 is divided by d.
6
Let s(m) = 5*m**2 - 2*m - 3*m**3 - 17 + 2*m**3 + 21 + 2*m**3. Let j(a) = a**3 + 9*a**2 + 8*a - 5. Calculate the remainder when j(-6) is divided by s(-5).
13
Let d be (-10 - -13)/(6/128). Suppose 5*f = -14 + d. Let b(z) = 29*z**2 - 1. Calculate the remainder when b(-1) is divided by f.
8
Let x(f) = -f**3 + 5*f**2 + f - 4. Let u be x(5). Suppose 3 = o - 2*h + u, -5*o + 25 = -5*h. Calculate the remainder when 21 is divided by o.
5
Let s = -103 - -124. What is the remainder when 230 is divided by s?
20
Let m(r) = -r**2 + 86. What is the remainder when m(0) is divided by 18?
14
Let h(w) = 0*w + 5 - 3*w + w. Suppose 3*p = -11 - 10. What is the remainder when h(p) is divided by 5?
4
Suppose 0 = 2*q + 3*q. Let n(r) = -r**2 - 4*r + 9. Let b be n(-7). What is the remainder when 22 is divided by (q - -2)/((-3)/b)?
6
Let a(x) = -5*x - 3. What is the remainder when 50 is divided by a(-4)?
16
Let i(y) = y**3 - 32*y**2 + 4. What is the remainder when 5 is divided by i(32)?
1
Suppose 3*h - 3 = 6*h. Let a = -69 + 106. What is the remainder when a is divided by -16*(h + 0) + 3?
18
Let b(t) = t**2 + 3*t + 3. Calculate the remainder when 24 is divided by b(-5).
11
What is the remainder when 12 is divided by -3 + (32/1)/4?
2
Suppose 0 = -5*c + 2*c - 12. Let r be (-440)/28 - c/(-14). Let m = -7 - r. What is the remainder when m is divided by 5?
4
Let a = 9 - 19. What is the remainder when 284/10 - a/(-25) is divided by 10?
8
Let i(w) = w**2 + 2*w + 3. Let j be i(-2). Let h = j - -5. Suppose 4 + 10 = d + 3*x, -3*x + 9 = 0. What is the remainder when h is divided by d?
3
Let f = 11 + -9. Suppose -2*b = f*x + x - 147, 2*x - 6 = 0. What is the remainder when b is divided by 18?
15
Suppose 1 = -3*c - 5, 2*f = -c + 70. Let t = -21 + f. Calculate the remainder when t is divided by 8.
7
Let w = -10 + 15. What is the remainder when 19 is divided by w?
4
Let t = 0 - 0. Suppose 45 = 2*b - 3*u, t = b + b + 5*u - 69. What is the remainder when b + 0 + 1 + -1 is divided by 14?
13
Suppose -3*o + 7*o = 4*d + 60, 3*o + 3*d = 51. Calculate the remainder when 62 is divided by o.
14
Let c(k) be the second derivative of 4*k**3/3 + k**2/2 + 2*k. What is the remainder when c(2) is divided by (-1 + (-6)/(-4))*20?
7
Let o = 8 - 4. Suppose -2*r - 5 = -o*h + 25, 24 = 4*h + 4*r. Let z = -4 + h. What is the remainder when z is divided by 2?
1
Let r = 54 - 30. Suppose -5*j + 96 = -r. What is the remainder when j is divided by 13?
11
Let p = 9 + -4. Calculate the remainder when p is divided by 4.
1
Suppose 4*o - 3*g + 6*g + 10 = 0, -o + 3*g - 10 = 0. Let j = 95 - o. What is the remainder when j is divided by 25?
24
Let o = 9 - -8. Let u be (-30)/4*(-16)/6. Calculate the remainder when o is divided by ((-6)/10)/((-2)/u).
5
Suppose c + 4 = 20. What is the remainder when (-2 - -9)*(120/28 - 0) is divided by c?
14
Suppose k - 5*d - 200 = 0, -4*k = -0*d - d - 724. Calculate the remainder when k is divided by 23.
19
Let m be 3/(-3 + 6) + 45. Suppose h - 2 = -28. Let c = h + m. What is the remainder when c is divided by 11?
9
Let a(f) = f**2 - 6*f - 8. Let k be a(7). Let j(l) = 32*l**2 + 2*l + 1. Calculate the remainder when j(k) is divided by 16.
15
Let f = -253 + 156. Suppose 4*d + 3 - 39 = 0. What is the remainder when (-4)/(-6) + f/(-3) is divided by d?
6
Let h be (-2)/10 + 4/(-5). Let x = -13 + 19. What is the remainder when h/(-4) + (-455)/(-20) is divided by x?
5
What is the remainder when 157 is divided by (6 + 40)*(2 - (-6)/(-4))?
19
Suppose -66 = 2*n + 2*t + 138, -407 = 4*n + 5*t. Let f = 148 + n. What is the remainder when f is divided by 16?
13
Suppose 7*z - 3*z - 88 = 0. Suppose -4*r = -58 - z. What is the remainder when r is divided by 11?
9
Let x(o) = 28*o**2 - o - 1. Let f be x(-1). Suppose -c - c = -f. What is the remainder when c is divided by 1/(1/(-2))*-2?
2
Suppose -42 = -8*f + 134. What is the remainder when 2/7 + (-1214)/(-14) is divided by f?
21
Calculate the remainder when 29 is divided by (-10)/(0 - 3 - 4/(-2)).
9
Suppose -95 + 29 = -6*a. Calculate the remainder when 28 is divided by a.
6
Let j = 89 - 51. Let q(b) = b**3 + 6*b**2 + 4*b + 5. What is the remainder when j is divided by q(-5)?
8
What is the remainder when 137 is divided by 0 + 0 - (7 - 42)?
32
Suppose 0 = 5*a + 5*a - 350. What is the remainder when a is divided by 9?
8
Calculate the remainder when 87 is divided by 4/(-12) - (-1 - (-67)/(-3)).
18
Suppose -4*x = -194 + 30. What is the remainder when x is divided by 14?
13
Let b be (-2)/3 + 22/6. Suppose -b*p + 14 = w, 4*p + 3 = 2*w + 5. Suppose -p*h - 29 = o - 2*o, -o = 3*h - 23. Calculate the remainder when o is divided by 9.
8
Suppose 2*u = 1 + 15. Let w(x) = x + 3. What is the remainder when u is divided by w(0)?
2
Let y(w) = -3*w**2 + w. Let c be y(1). Calculate the remainder when 12/3 + c + 39 is divided by 14.
13
Suppose n - 45 = 3*g + 36, -3*n + g = -227. Suppose 81 = 4*t + a, 3*t - 4*a + a - 42 = 0. Calculate the remainder when n is divided by t.
18